 + 8*r**2 - 3*r + 7. Let n be o(7). Let t be 56/98 + 9045/n. Calculate the greatest common divisor of 74 and t.
37
Suppose 4*y + 3*z + 56 - 243 = 0, -5*y = -z - 248. Suppose 116 = 3*s + 2*h, -4*s + y = -4*h - 79. Calculate the highest common factor of s and 60.
12
Let u(i) = -2*i**3 + 3*i**2 + 17*i - 14. Let o be u(3). Suppose 0 = o*d - 13*d + 525. Calculate the greatest common factor of 35 and d.
35
Let i(y) = 48*y + 385. Let p be i(-8). What is the greatest common divisor of 651 and p?
1
Let o be (853/40 - (-7)/(-56))*30. Let y = -440 + o. What is the highest common divisor of y and 4?
4
Let z be 3*6/81 + (-2874)/54. Let v(h) = h**2 + 40*h - 329. Let j be v(z). Calculate the highest common factor of 135 and j.
45
Let j(g) = 6*g**3 - 46*g**2 - 16. Let p be j(8). Let h = -152 - -656. Calculate the highest common divisor of p and h.
56
Let w be 231/(-3)*(-5)/(-25)*5. Let y = -57 - w. What is the highest common divisor of y and 35?
5
Let r be ((-1134)/270)/(6/(-200)). Calculate the greatest common factor of 23380 and r.
140
Let g be (-2)/(-6) - (-1312)/(-12). Let f = -43 - g. Suppose -2*z = 7*q - 1163, 4*z = 11 + 5. What is the greatest common factor of f and q?
33
Suppose -6*s = 158 + 28. Let v = 68 + s. Let m be 2670/18 + (-2)/6. What is the highest common factor of v and m?
37
Let n(g) = -g**3 - g**2 + g + 11. Let q be n(0). Suppose 890*c - 861*c - 116 = 0. Suppose -c*o + q = -3*o. What is the greatest common factor of 99 and o?
11
Let i(r) = r**3 + 2*r**2 + 2*r - 2. Let f be i(-2). Let y be f/21 - (-550)/14. Let s = -293 + 332. Calculate the highest common divisor of y and s.
39
Suppose 13*p + 806 = 173*p - 794. What is the highest common divisor of 85 and p?
5
Let w be (9 + 1)*55/5. Let l(f) = -12*f + 22. Suppose 2*k + 4 = -p, 8 + 2 = -2*p - 5*k. Let z be l(p). Calculate the greatest common factor of w and z.
22
Suppose 2*g - l = 2137, -24*l + 5380 = 5*g - 19*l. Calculate the highest common factor of g and 102.
51
Suppose 3*l - 396 = -x, -2*x + 4*x = -4*l + 798. Suppose 1630*s - 939 = -4*q + 1633*s, 3*s + 696 = 3*q. What is the highest common factor of q and x?
81
Suppose 150 = 5*r + 3*z, 2*r - 2 = r + 5*z. Let a be (r/5)/(7/35). Let y(v) = 6*v**2 - 9*v + 6. Let c be y(1). Calculate the highest common factor of a and c.
3
Let h(w) = 2*w**3 + 3*w**2 - 3*w + 1527. Let c be h(0). What is the highest common divisor of 3 and c?
3
Suppose -28*l - 36*l + 296 = -1304. Calculate the greatest common factor of 185 and l.
5
Suppose -78741 = -5*l + 2*i, 137*i - 132*i + 15 = 0. Calculate the highest common factor of l and 174.
87
Suppose 4*h + 3 = 5*t, -3*t + h = 2*h - 12. Suppose t*y = 3, -5*y + 787 = 2*z + 218. What is the highest common divisor of z and 6?
6
Let d(s) = -6*s + 14. Let w be d(1). Let h = w + 10. What is the highest common divisor of 126 and h?
18
Let w = 5966 + -5962. Let d(b) = -17 + b + 8*b - b. Let v be d(w). Calculate the highest common divisor of 30 and v.
15
Let f = 3334 - 2463. Calculate the highest common divisor of f and 169.
13
Let p be (0*3/(-9))/(-1). Let r = 126 + -123. Suppose 4*b - r*y - 741 = p, -b + 5*y + 181 = 17. Calculate the greatest common divisor of b and 21.
21
Suppose 3*v = 3*o + 12 + 210, 0 = v - 6*o - 69. Calculate the highest common factor of 3975 and v.
75
Let d = -41 - -47. Let j be 85 + 17/(17/d). What is the greatest common divisor of j and 13?
13
Let a = -6147 + 6209. Calculate the highest common factor of a and 9362.
62
Suppose 0 = 12165*q - 12157*q - 200. What is the highest common factor of q and 3?
1
Let t be (-36)/15*1875/(-250). Suppose 4*i = 4*r - 1636, 2*r - 610 = -3*i + 233. Calculate the highest common factor of r and t.
18
Suppose 8*l - 87*l + 6702 = -9098. What is the highest common factor of 3780 and l?
20
Suppose 15*d - 13*d - 424 = -4*v, 3*d + 3*v = 633. Let l be (-8 + d/(-9))*(-10 - -1). Calculate the highest common factor of 6 and l.
6
Let s = 221 + -231. Let j(o) = -2*o**2 - 25*o - 12. Let v be j(s). What is the greatest common factor of v and 722?
38
Suppose u + 1 = k - 0, -6 = -3*k + 4*u. Let m(s) = 91*s**2 + 16*s + 32. Let w be m(k). What is the highest common divisor of 28 and w?
28
Suppose 8*a - 66 = 302. Suppose 48*t - a*t - 469 = -j, -929 = -4*t - 5*j. What is the greatest common factor of 4 and t?
4
Suppose -4968 = -29*x + 26*x. What is the highest common divisor of 345 and x?
69
Let z be 5/(-10) - (-17)/2. Let w be (27/36)/((-9)/(-1704)) + -2. Calculate the greatest common divisor of z and w.
4
Let m = 3302 + -3178. What is the greatest common divisor of 3844 and m?
124
Suppose 40*i = -29*i - 20*i + 2136. Calculate the greatest common factor of i and 520.
8
Suppose -5*g - y + 879 - 373 = 0, 0 = -4*g + 2*y + 402. Calculate the greatest common divisor of 4343 and g.
101
Suppose 3*b + k + 46 = 6*k, 3*b + 31 = 2*k. Let h be -3 + b*(2 - -3) + -1. Let y = h - -45. Calculate the highest common factor of 3 and y.
3
Let x(z) = 12*z + 240. Suppose 8*j + 4*j = 120. Let s be x(j). Calculate the greatest common factor of 135 and s.
45
Let d = -186 + 200. Let t be 2 + 57 + 1 + (d - 18). Calculate the greatest common factor of t and 28.
28
Let r(o) = -14*o + 45. Let h be r(3). Suppose -51 = h*j - 87. Calculate the greatest common divisor of j and 9.
3
Suppose -14*j + 17*j - 48 = 0. Let c(m) = -84*m. Let a be c(-9). Suppose -a = -j*s + 4*s. What is the highest common factor of s and 9?
9
Suppose 9*n - 36 = 8*n. Suppose 5*o - h = 60, 3*h + h = -3*o + n. Let q(c) = -c**2 + 5*c - 2. Let j be q(3). Calculate the greatest common factor of o and j.
4
Let m be 1*191 - (1 - 0). Suppose 214 = 5*v - 2*c, 101 = 3*v - 2*c - 37. What is the highest common factor of v and m?
38
Let t(k) = -k**3 + 7*k**2 - 5*k + 3. Let a be t(3). Suppose y + 5*s - a = 0, 0*s = 3*s + 15. What is the greatest common divisor of 833 and y?
49
Let j be -3 + 5 + 2 + (-336)/(-1). Suppose 2*k + 2*k + j = d, 4*d + 2*k = 1378. Suppose 0 = q - 21 - 22. What is the highest common factor of q and d?
43
Let w(f) = -5*f. Let l be w(-2). Let h be (2 + 8)/(((-3)/(-234))/((-1)/(-6))). Calculate the greatest common divisor of l and h.
10
Let w = 11 + 24. Let m = w + -33. Let r be (((-3)/m)/(-3))/((-1)/(-162)). What is the greatest common factor of 54 and r?
27
Let v(i) be the first derivative of i**2/2 + 23*i - 14. Let r be v(11). Let k = r + -29. Calculate the greatest common factor of k and 1.
1
Suppose 4*h = -0*h + t + 268, 5*h - 4*t - 324 = 0. Let b be h/7 - (-6)/21. Suppose -b*v + v + 297 = 0. Calculate the highest common divisor of 11 and v.
11
Suppose 81*y - 72 = 171. Calculate the highest common divisor of 52 and y.
1
Suppose 230*d + 768585 = 2157785. Calculate the highest common divisor of 40 and d.
40
Let d be 5/(-1) + 1 - (-180)/(-45). Let j = d - -15. What is the highest common divisor of 91 and j?
7
Suppose -5*h = t - 62, -94*t + 97*t - 3*h - 150 = 0. Calculate the greatest common divisor of t and 988.
52
Suppose 3*n - 156 + 153 = 0. Let u be (12/18*6)/n. Suppose 3*p - 38 = -5*o, u*p + 2*o = -p + 38. What is the highest common factor of 3 and p?
3
Let n(t) = -9*t**3 + 323*t**2 + 39*t + 49. Let y be n(34). What is the highest common factor of 258 and y?
129
Suppose -62 = -x - 0*i + 5*i, -x - 5*i + 112 = 0. Let w = 185 - x. What is the greatest common factor of w and 14?
14
Suppose -l = -b + 2*l + 72, -3*b + 208 = -5*l. Suppose 4*g = 4*c + 106 + 182, g - 4*c = b. Let y = g - 56. What is the greatest common divisor of 18 and y?
18
Let i(x) = 217*x**2 + 4*x - 5. Let n be i(1). Calculate the greatest common factor of n and 1032.
24
Suppose 148*x - 2579 = 966 + 6223. What is the highest common factor of 704 and x?
22
Let j = 2 - 4. Let f be 45*(j + (-24)/(-5)). Suppose -44 = 530*i - 533*i + 2*n, -2*i - 4*n + 24 = 0. What is the greatest common factor of i and f?
14
Suppose -3*f = 6, -i - 4*i - 975 = 5*f. Let a = -181 - i. What is the highest common divisor of a and 6?
6
Let z be -108*(105/63 - 6). Calculate the highest common factor of 576 and z.
36
Suppose -193 = -r + 3*f, 43*f = -4*r + 40*f + 667. What is the greatest common factor of 258 and r?
86
Let t = -32 - -41. Let v(k) = 6*k + 37. Let g(c) = 4*c + 36. Let x(r) = -6*g(r) + 5*v(r). Let l be x(t). What is the greatest common divisor of 46 and l?
23
Let a(z) = -28*z**3 - 2*z**